062248 + 2?
-2062246
In base 4, what is -231302 + 303?
-230333
In base 10, what is 1392 + 11?
1403
In base 6, what is 5044414 + -12?
5044402
In base 11, what is -68334 + 5?
-6832a
In base 14, what is -35 - 555?
-58a
In base 15, what is -9 - 909?
-913
In base 15, what is 0 - -396b?
396b
In base 9, what is -202 + 1207?
1005
In base 6, what is 0 - 2055340?
-2055340
In base 2, what is -101 - 1001111110110100?
-1001111110111001
In base 11, what is -2 - 89020?
-89022
In base 10, what is 19262 + 106?
19368
In base 15, what is -b4 - -b9?
5
In base 8, what is 7465 + 17?
7504
In base 4, what is -131310 + -10321?
-202231
In base 4, what is -102202233 - 2?
-102202301
In base 8, what is -4 + 6211311?
6211305
In base 2, what is -1000 - 1011001110?
-1011010110
In base 4, what is 1331 - -1020301?
1022232
In base 13, what is -972a5 + -2?
-972a7
In base 8, what is 64 + -1732?
-1646
In base 6, what is 2 + 254454?
254500
In base 7, what is -165334 - 2?
-165336
In base 6, what is 5101 - -2?
5103
In base 9, what is 417 + -12753?
-12335
In base 2, what is 11000100 + 100011100110?
100110101010
In base 14, what is -20 + 3530?
3510
In base 9, what is 245 - -13548?
13804
In base 12, what is -2a6 + -776?
-a60
In base 11, what is -4940 + 570?
-4380
In base 16, what is -3 - -266?
263
In base 14, what is -d - -54188?
54179
In base 4, what is 2030133 + -12?
2030121
In base 14, what is -7807 - -4?
-7803
In base 11, what is -856 + 36?
-820
In base 13, what is -201 - -118?
-b6
In base 13, what is 1 - -7993a?
7993b
In base 14, what is -7 - 3dcb4?
-3dcbb
In base 15, what is 4 - 12265a?
-122656
In base 16, what is f - -1d59?
1d68
In base 3, what is 1222202102 + 2?
1222202111
In base 2, what is 111100001101 - -1010100?
111101100001
In base 7, what is 524 - 356?
135
In base 15, what is 1 + -3e2a?
-3e29
In base 16, what is -1c - -309?
2ed
In base 10, what is 81804 - -7?
81811
In base 15, what is -11b30 - 7a?
-11baa
In base 4, what is 1221 - -1032330?
1100211
In base 13, what is -1 + 103909?
103908
In base 4, what is -21103000 - 21?
-21103021
In base 16, what is -199 + -11?
-1aa
In base 10, what is 817 - 2?
815
In base 5, what is -14422 - -32?
-14340
In base 13, what is -223472 - -1?
-223471
In base 15, what is -8 - -149bc?
149b4
In base 12, what is -5 + a10a2?
a1099
In base 13, what is -1637c - 3c?
-163bb
In base 13, what is -12 + 459c?
458a
In base 6, what is 545 + 13014?
14003
In base 5, what is 4004444334 + 1?
4004444340
In base 7, what is 2 + 3615015?
3615020
In base 8, what is 12 - -1242?
1254
In base 11, what is 2127790 + 1?
2127791
In base 5, what is -2 - -4420424?
4420422
In base 12, what is b8608 + -3?
b8605
In base 11, what is -5 + -2088?
-2092
In base 13, what is 2 - -2a5975?
2a5977
In base 11, what is -36 - -625?
59a
In base 12, what is 2710 - -3?
2713
In base 16, what is -226 + 24a2?
227c
In base 8, what is 63646 - 56?
63570
In base 15, what is 0 - 4494?
-4494
In base 11, what is 6702 - -96?
6798
In base 7, what is -2 - -2256023?
2256021
In base 11, what is -9 + -446a?
-4478
In base 7, what is 445 - -206?
654
In base 3, what is 1012212012 - -2122?
1012221211
In base 15, what is 1 - -1a6?
1a7
In base 15, what is -176d8 + 5?
-176d3
In base 14, what is -a86 + 18?
-a6c
In base 8, what is -2 + 341023?
341021
In base 6, what is -3310543 - -3?
-3310540
In base 13, what is -12 - 3a4c?
-3a61
In base 4, what is 2 - 331113320?
-331113312
In base 11, what is -4 - 96a61?
-96a65
In base 13, what is -236 + -90?
-2c6
In base 3, what is -12 + 200022020220?
200022020201
In base 2, what is 1110110110000001 + -1?
1110110110000000
In base 10, what is 0 + 6430?
6430
In base 10, what is 311 + -519?
-208
In base 6, what is 5 + 23442410?
23442415
In base 16, what is -9a3 + -27?
-9ca
In base 3, what is 1 + 111000002022?
111000002100
In base 8, what is -23 - -343466?
343443
In base 15, what is -dac2b + -3?
-dac2e
In base 13, what is -827cb - 5?
-82803
In base 14, what is -37b - -57?
-324
In base 6, what is 102554 - -132?
103130
In base 5, what is -1 - -40440313?
40440312
In base 14, what is -5 - 46ad?
-46b4
In base 15, what is -30 + -273?
-2a3
In base 2, what is 11 - 10010100110001?
-10010100101110
In base 8, what is -5 - -2022313?
2022306
In base 16, what is -1896 - -4?
-1892
In base 13, what is -4 + -484b?
-4852
In base 11, what is 1 + -479a3?
-479a2
In base 9, what is -150 - 2280?
-2440
In base 7, what is -12435 + -505?
-13243
In base 5, what is 13 - -31124434?
31130002
In base 13, what is -137b4 + 33?
-13781
In base 16, what is -1fa72 - 3?
-1fa75
In base 10, what is -456040 - -1?
-456039
In base 13, what is -167485 + -a?
-167492
In base 7, what is -2315 + 5?
-2310
In base 14, what is -852d + -15?
-8544
In base 16, what is 3 + f84?
f87
In base 6, what is -231312 + -5?
-231321
In base 9, what is 666858 - -6?
666865
In base 16, what is 62 + -a3?
-41
In base 9, what is 17725 - 6?
17718
In base 10, what is 4 - -16340?
16344
In base 3, what is 1 - -1001100001211?
1001100001212
In base 4, what is 1013322 + -223?
1013033
In base 4, what is 11 - 3323013?
-3323002
In base 6, what is -255 - 1020?
-1315
In base 8, what is 1563 - -216?
2001
In base 15, what is 145e0 - 2?
145dd
In base 12, what is 4 + 1923?
1927
In base 6, what is -200503 - 102?
-201005
In base 16, what is -272 + -a2?
-314
In base 11, what is -375 + 1228?
963
In base 9, what is -14510 - -13?
-14486
In base 5, what is 24 - -232302?
232331
In base 16, what is da - 0?
da
In base 12, what is -37156 + 0?
-37156
In base 10, what is 8841 - 1?
8840
In base 7, what is 115452 + 1?
115453
In base 13, what is -5 - -a70c6?
a70c1
In base 11, what is 5a + -241?
-192
In base 7, what is -415 - -13666?
13251
In base 16, what is 2 - -1deac?
1deae
In base 14, what is -4 - 245318?
-24531c
In base 14, what is -2 + -32a4?
-32a6
In base 9, what is 345 + -1418?
-1063
In base 7, what is -30230 + 4?
-30223
In base 9, what is -3102 - -5?
-3086
In base 6, what is -4532 + 12?
-4520
In base 8, what is 50470 + 3?
50473
In base 5, what is 1403 + 0?
1403
In base 6, what is 42543032 - -2?
42543034
In base 7, what is 202 - -463?
665
In base 3, what is 1101 + 10111010?
10112111
In base 14, what is 288 + -a?
27c
In base 4, what is 10 - -132003320?
132003330
In base 13, what is -186 + 7a?
-109
In base 3, what is 2 + -10020220221?
-10020220212
In base 15, what is 35 + -b1?
-7b
In base 11, what is -5 - 29644a?
-296454
In base 13, what is 1369 + 14?
1380
In base 6, what is -2 - 244412?
-244414
In base 6, what is -14 - -11452402?
11452344
In base 3, what is 101 - -112210010?
112210111
In base 4, what is 1020122101 - -2?
1020122103
In base 13, what is -4069a - -5?
-40695
In base 6, what is -2 - -105001?
104555
In base 7, what is -222 - 16?
-241
In base 4, what is 11 + -222031303?
-222031232
In base 10, what is 229 - -14377?
14606
In base 7, what is 2 + -40504?
-40502
In base 13, what is -3bc + 18c?
-230
In base 2, what is -1 + 10011001001111111?
10011001001111110
In base 7, what is -5 - 35631?
-35636
In base 10, what is 0 + -6838?
-6838
In base 16, what is -ca - 3b?
-105
In base 2, what is 11000110 + 1111100111?
10010101101
In base 14, what is -107 - -20b4?
1dab
In base 9, what is 103070 + 2?
103072
In base 5, what is 1 - -34314103?
34314104
In base 16, what is 1e1 + 1e?
1ff
In base 8, what is -2 - -143027?
143025
In base 13, what is 0 - -117a63?
117a63
In base 6, what is -1312544 + 0?
-1312544
In base 3, what is 12002121222 - 0?
12002121222
In base 6, what is 5321 - -433?
10154
In base 5, what is 0 + -114443220?
-114443220
In base 12, what is 5520 - -2?
5522
In base 16, what is -18b3 + c8?
-17eb
In base 10, what is -250585 - -1?
-250584
In base 3, what is 2111211 + -1001?
2110210
In base 16, what is 2ed0eb + -5?
2ed0e6
In base 7, what is -23656 - 1?
-23660
In base 8, what is 4 + -707262?
-707256
In base 16, what is 188e - -146?
19d4
In base 5, what is -44 - -4212014?
4211420
In base 4, what is 2220021 + -10?
2220011
In base 9, what is -4 + 348384?
348380
In base 14, what is 4a0bb - 1?
4a0ba
In base 12, what is 262abb - -4?
262b03
In base 16, what is 77d - 4b?
732
In base 4, what is -2 + 203330201?
203330133
In base 13, what is -4134b - -2?
-41349
In base 8, what is 3565326 - -6?
3565334
In base 11, what is -15683 - 3?
-15686
In base 11, what is 3a9350 + -1?
3a934a
In base 7, wh